st the prime factors of 39880.
2, 5, 997
What are the prime factors of 169322?
2, 31, 2731
What are the prime factors of 1670994?
2, 3, 13, 37, 193
What are the prime factors of 28405144?
2, 3550643
What are the prime factors of 563474?
2, 281737
List the prime factors of 761245.
5, 152249
What are the prime factors of 8270924?
2, 31, 66701
List the prime factors of 303082.
2, 13, 11657
What are the prime factors of 5367540?
2, 3, 5, 89459
List the prime factors of 11999264.
2, 374977
What are the prime factors of 1181043?
3, 281, 467
List the prime factors of 298522.
2, 7, 21323
List the prime factors of 6219954.
2, 3, 13, 19, 1399
What are the prime factors of 954357?
3, 41, 7759
What are the prime factors of 267549?
3, 101, 883
What are the prime factors of 17552119?
13, 1153, 1171
What are the prime factors of 346087?
7, 1009
What are the prime factors of 4994904?
2, 3, 208121
List the prime factors of 1078793.
431, 2503
List the prime factors of 3289432.
2, 17, 19, 67
What are the prime factors of 2036031?
3, 59, 11503
List the prime factors of 6113980.
2, 5, 107, 2857
List the prime factors of 28257716.
2, 29, 47, 71, 73
List the prime factors of 185401.
185401
What are the prime factors of 11226939?
3, 569, 6577
List the prime factors of 68387.
11, 6217
What are the prime factors of 12666767?
23, 107, 5147
List the prime factors of 1253352.
2, 3, 52223
What are the prime factors of 11444421?
3, 89, 42863
What are the prime factors of 981787?
19, 51673
List the prime factors of 449684.
2, 17, 389
What are the prime factors of 8806988?
2, 359, 6133
List the prime factors of 15014196.
2, 3, 17, 24533
List the prime factors of 2341137.
3, 780379
List the prime factors of 4011556.
2, 43, 83, 281
List the prime factors of 8100836.
2, 67, 167, 181
What are the prime factors of 766593?
3, 19, 4483
What are the prime factors of 10679648?
2, 7, 139
List the prime factors of 762763.
47, 16229
What are the prime factors of 396137?
7, 56591
What are the prime factors of 11120901?
3, 11, 336997
List the prime factors of 2918600.
2, 5, 14593
What are the prime factors of 1543558?
2, 59, 103, 127
List the prime factors of 929372.
2, 283, 821
What are the prime factors of 1454449?
163, 8923
What are the prime factors of 305790?
2, 3, 5, 10193
What are the prime factors of 153592?
2, 73, 263
List the prime factors of 4396937.
4396937
What are the prime factors of 296110?
2, 5, 29611
List the prime factors of 596158.
2, 173, 1723
What are the prime factors of 54803?
7, 7829
What are the prime factors of 448970?
2, 5, 17, 19, 139
List the prime factors of 103093.
103093
List the prime factors of 17049151.
7, 347, 7019
List the prime factors of 10319.
17, 607
What are the prime factors of 35738727?
3, 757, 15737
List the prime factors of 605085.
3, 5, 13, 29, 107
List the prime factors of 43741.
17, 31, 83
List the prime factors of 3600148.
2, 900037
List the prime factors of 112140.
2, 3, 5, 7, 89
List the prime factors of 219871.
219871
What are the prime factors of 7746935?
5, 7, 389, 569
List the prime factors of 3621694.
2, 29, 41, 1523
What are the prime factors of 1451304?
2, 3, 6719
List the prime factors of 7470661.
11, 29, 2129
What are the prime factors of 35498559?
3, 1013, 11681
What are the prime factors of 248040?
2, 3, 5, 13, 53
List the prime factors of 179929.
23, 7823
List the prime factors of 38414410.
2, 5, 997, 3853
List the prime factors of 579985.
5, 7, 73, 227
List the prime factors of 556880.
2, 5, 6961
What are the prime factors of 20813630?
2, 5, 53, 173, 227
What are the prime factors of 237474?
2, 3, 79, 167
What are the prime factors of 1103350?
2, 5, 22067
List the prime factors of 424131.
3, 37, 3821
List the prime factors of 662528.
2, 647
List the prime factors of 8705893.
7, 229, 5431
List the prime factors of 2964330.
2, 3, 5, 10979
List the prime factors of 585719.
149, 3931
What are the prime factors of 1576215?
3, 5, 35027
List the prime factors of 576097.
89, 6473
What are the prime factors of 238491?
3, 11, 73
List the prime factors of 109713.
3, 36571
What are the prime factors of 11944795?
5, 17, 140527
List the prime factors of 1214600.
2, 5, 6073
List the prime factors of 232679.
17, 13687
List the prime factors of 2694548.
2, 673637
What are the prime factors of 108072?
2, 3, 19, 79
List the prime factors of 78924.
2, 3, 6577
List the prime factors of 4082531.
4082531
List the prime factors of 500591.
7, 13, 5501
What are the prime factors of 237048?
2, 3, 7, 17, 83
What are the prime factors of 1963013?
13, 31, 4871
List the prime factors of 125291.
349, 359
What are the prime factors of 2234969?
11, 199, 1021
What are the prime factors of 270478?
2, 13, 101, 103
What are the prime factors of 1177330?
2, 5, 7, 11, 139
List the prime factors of 3038984.
2, 13, 29221
What are the prime factors of 10076280?
2, 3, 5, 83969
What are the prime factors of 5635417?
5635417
List the prime factors of 2750060.
2, 5, 19, 7237
List the prime factors of 583867.
131, 4457
What are the prime factors of 375578?
2, 7, 139, 193
List the prime factors of 8690082.
2, 3, 29, 49943
What are the prime factors of 1086853?
257, 4229
List the prime factors of 638310.
2, 3, 5, 21277
What are the prime factors of 4605903?
3, 101, 563
List the prime factors of 499407.
3, 61, 2729
What are the prime factors of 656551?
7, 13399
List the prime factors of 3281472.
2, 3, 211
What are the prime factors of 158977?
7, 13, 1747
What are the prime factors of 10883829?
3, 11, 29983
What are the prime factors of 2234942?
2, 1117471
What are the prime factors of 3788110?
2, 5, 17, 22283
List the prime factors of 1629043.
13, 125311
List the prime factors of 241478.
2, 120739
What are the prime factors of 545378?
2, 389, 701
List the prime factors of 619632.
2, 3, 13, 331
What are the prime factors of 72635?
5, 73, 199
List the prime factors of 6098761.
6098761
List the prime factors of 161853.
3, 53951
List the prime factors of 2818444.
2, 61, 11551
List the prime factors of 101802.
2, 3, 19, 47
List the prime factors of 7453929.
3, 7, 50707
What are the prime factors of 370188?
2, 3, 7, 13, 113
List the prime factors of 238126.
2, 7, 73, 233
List the prime factors of 8813008.
2, 550813
What are the prime factors of 5478?
2, 3, 11, 83
What are the prime factors of 5197722?
2, 3, 151, 5737
List the prime factors of 244500.
2, 3, 5, 163
List the prime factors of 1301283.
3, 191, 757
What are the prime factors of 260777?
11, 151, 157
What are the prime factors of 12465452?
2, 739, 4217
What are the prime factors of 246251?
246251
What are the prime factors of 133323?
3, 19, 2339
List the prime factors of 15319374.
2, 3, 7, 364747
List the prime factors of 241076.
2, 11, 5479
List the prime factors of 42519.
3, 14173
What are the prime factors of 307179?
3, 31, 367
What are the prime factors of 2692250?
2, 5, 11, 89
List the prime factors of 29609375.
5, 379
What are the prime factors of 39470630?
2, 5, 103, 38321
What are the prime factors of 1020100?
2, 5, 101
List the prime factors of 20720.
2, 5, 7, 37
What are the prime factors of 360879?
3, 120293
List the prime factors of 190289.
11, 17299
List the prime factors of 447395.
5, 13, 6883
List the prime factors of 7129634.
2, 3564817
List the prime factors of 907121.
103, 8807
List the prime factors of 13228479.
3, 11, 47, 2843
What are the prime factors of 18951550?
2, 5, 19, 19949
What are the prime factors of 1317806?
2, 7, 17, 113
What are the prime factors of 723536?
2, 11, 4111
List the prime factors of 4531931.
4531931
What are the prime factors of 418771?
418771
What are the prime factors of 5256117?
3, 194671
List the prime factors of 3143796.
2, 3, 261983
List the prime factors of 520089.
3, 53, 3271
List the prime factors of 216624.
2, 3, 4513
List the prime factors of 109946.
2, 54973
List the prime factors of 10442891.
10442891
List the prime factors of 3081979.
227, 13577
What are the prime factors of 4638069?
3, 179, 2879
What are the prime factors of 393683?
393683
What are the prime factors of 5556978?
2, 3, 7, 61, 241
What are the prime factors of 17585533?
7, 2512219
List the prime factors of 1716804.
2, 3, 103, 463
List the prime factors of 4712882.
2, 223, 10567
List the prime 